Let f be 19/(-190) + (-253)/(-130) - 10/(-65). What is the highest common divisor of f and 281?
1
Let z(l) = 22*l - 12. Let f be z(3). Suppose 190 = 7*k - 401 - 39. What is the greatest common factor of f and k?
18
Let d = 7162 - 5946. What is the highest common factor of 832 and d?
64
Let s = -193573 - -193585. Let u = -97 + 517. Suppose -3*z + u = 2*z. What is the greatest common factor of s and z?
12
Let y = 3120 + -3108. Calculate the highest common factor of y and 213.
3
Let k = -229 + 418. Suppose 6*r - 1443 = k. Calculate the highest common factor of r and 17.
17
Let t be 663/(-12) - (-9)/(-12). Let f = 63 + t. Let b = f + 3. What is the highest common factor of b and 50?
10
Let n be (-6)/15 + 44/10. Suppose -7*y + 40*y = 2178. Let w be (-6 - y/(-11)) + 6. What is the highest common factor of n and w?
2
Let d = -140 + 554. Let o(h) = h**3 + 28*h**2 + 98*h + 94. Let p be o(-24). Calculate the greatest common factor of d and p.
46
Suppose 7*f = 3*f + 8. Let o(z) = 3*z - 3. Let v be o(f). Suppose 6*j = 3*u - 60, 3*u + 2*j = -22 + 98. What is the highest common factor of u and v?
3
Let s(g) = -g**2 + g**3 - 1 + 2*g**2 + 2. Let z be s(0). Suppose -2*h + 40 = 2*d, -6426*d = -h - 6423*d - 8. Calculate the greatest common factor of h and z.
1
Let l(r) = 4*r**2 - 2*r + 14. Let z be l(-8). Let v = -132 + z. What is the highest common divisor of 70 and v?
14
Let b be 1/2 + 49/2. Let w be 16/(-104) + (4/(-52))/(2/334). Let i = w + b. Calculate the greatest common divisor of i and 8.
4
Suppose -8*f + 190 = -3*f. Suppose 4*y + 3*a = 1900, 4*y - 347 = a + 1553. Calculate the highest common divisor of y and f.
19
Suppose -20*x = -23*x - 27, a - 60 = -3*x. Let s = -258 - -461. Calculate the greatest common factor of a and s.
29
Suppose 13*g + 166 = 62. Let k be (-1190)/(-2) + ((-40)/g)/(-5). What is the greatest common divisor of 9 and k?
9
Let l(k) = 12*k**2 + 41*k + 276. Let i be l(-12). What is the highest common factor of 56 and i?
56
Let t = 13125 - 12985. Calculate the greatest common factor of t and 1484.
28
Let f = -508 - -506. Let t be f + 17 - (-4)/16*-20. Calculate the highest common factor of 4 and t.
2
Let k be 624/13 + 16/4. What is the greatest common factor of k and 6773?
13
Let k be (-608)/(-34) - (-24)/204. Let q = 105 - k. Let v be (-1)/12 - 6980/(-240). Calculate the greatest common factor of q and v.
29
Suppose -4*b + 3542 = 5*s, -3*b + 3524 = b - 4*s. Let w = b + -813. Let p(t) = 13*t**2 + 1. Let i be p(-1). Calculate the greatest common factor of w and i.
14
Suppose -59 = -4*i - t, -4*i - 3*t + 49 + 8 = 0. Calculate the greatest common factor of 4065 and i.
15
Suppose -2*a - 9*c = -5*c - 21522, 12*c = -3*a + 32301. What is the greatest common divisor of 45 and a?
45
Let g(x) = 9*x**2 + 58*x + 291. Let t be g(-5). Let r = 142 + t. Calculate the highest common divisor of r and 230.
46
Let i be 0 + 35 + 4/2. Suppose 5*w - i = -22. Suppose 3*y = w*l - 54, -5*y + 62 = 4*l - 19. What is the greatest common factor of l and 57?
19
Let z(x) = x**2 - x - 10. Let t be (895/(-537))/((-1)/(-18)*-5). Let i be z(t). What is the highest common factor of 60 and i?
20
Let i(d) = 7*d**2 - 5*d - 2. Let j be i(-3). Let h(l) = 12*l + 50. Let y be h(3). Let p = 143 - y. Calculate the greatest common factor of p and j.
19
Let h be (0 + -1)*7*(-8)/(-28). Let x be (-48)/1*(-49)/21 + h. Calculate the greatest common divisor of 44 and x.
22
Let a(m) = m**2 + 185*m + 7236. Let i be a(-56). What is the highest common divisor of i and 948?
12
Let a = 6951 - 3821. Calculate the highest common factor of a and 90.
10
Suppose -5*k - 112 = 9*k. Let a(q) = -5*q - 34. Let y be a(k). What is the highest common divisor of 42 and y?
6
Let l(b) = 19*b**2 - b. Let g(n) = -n**2 + 9*n + 53. Let m be g(13). Let s be l(m). What is the greatest common divisor of 342 and s?
18
Let z = -1007 + 1237. What is the highest common divisor of 30 and z?
10
Suppose 3 = -8*d - 141. Let b be d/(-42) - (-2010)/14. What is the greatest common divisor of b and 36?
36
Let s(n) = -n**3 - 8*n**2 - 15*n - 8. Let y be s(-7). Suppose 4*j = 9*b - 7*b + 198, -2*b - y = -j. What is the greatest common factor of j and 2?
2
Let v be (-4)/(-14) + ((-66)/363 - 481850/(-154)). Calculate the highest common factor of 298 and v.
149
Suppose 0 = 35*d - 31883 - 7317. What is the greatest common factor of 420 and d?
140
Let w(h) be the second derivative of -h**5/20 + 17*h**4/12 - 13*h**3/6 + 7*h**2/2 + 68*h. Let r be w(16). What is the highest common divisor of r and 11?
11
Suppose 0 = o - 40. Let f = o + -36. Suppose -f*k + 2 = -6. What is the highest common factor of k and 1?
1
Suppose 10*c - 240 = 5*c. Suppose 5*k + k = c. Suppose 0 = 2*g - 16 - k. Calculate the highest common factor of 4 and g.
4
Suppose 0 = 4*h - 29 - 115. Suppose -3*d - 2*o - 268 = -976, -5*d + 1158 = -4*o. Suppose 3*k - 270 = -d. Calculate the highest common factor of k and h.
12
Let w = 81 + -26. Suppose 1095 = -5*b - w. Let t = 491 + b. Calculate the greatest common divisor of 29 and t.
29
Let d be (6/(-12))/(1370/(-228) + 6). Let b be d + -8 - (-2)/(-4)*6. Let t = -56 - -79. What is the highest common divisor of t and b?
23
Let c be (3 + 3)/((-1)/(-16)). Let l = 1722 + -1716. What is the greatest common factor of c and l?
6
Let d(p) = -3*p**3 - 17*p**2 - 2*p - 31. Let n be d(-6). Calculate the greatest common divisor of 2618 and n.
17
Suppose 0 = 25*l - 6459 - 2166. What is the highest common divisor of l and 253?
23
Suppose 3*s - 21 = 12*d - 14*d, 0 = -2*s - 3*d + 19. Suppose 3*o + 10 = f, s*f - 32 - 38 = 5*o. What is the greatest common divisor of f and 116?
4
Suppose 5*c = n + 51 + 67, 2*c - 46 = n. Let b(u) = -107*u + 1. Let a be b(-1). Calculate the highest common divisor of a and c.
12
Let z be 14*(1 - (-14)/(-28)). What is the highest common factor of z and 6881?
7
Let d = -89 + 242. Let v = 331 - 328. Suppose 0 = -10*k + v*k + 119. Calculate the greatest common divisor of d and k.
17
Let y = -8276 - -8756. Calculate the greatest common factor of 105 and y.
15
Suppose 44*t - 49*t = 1945. Let x = -367 - t. Calculate the highest common factor of x and 55.
11
Let y be 6 + (-9)/27*-2238. Let q = -730 + y. Let z = 28 - -126. What is the highest common factor of q and z?
22
Let k = 347 + -11. Let m = k + -313. Calculate the greatest common factor of m and 437.
23
Let z(u) = -u**3 + 12*u**2 + 2*u - 20. Let t be z(12). Suppose -t*j = 129 - 165. What is the highest common divisor of j and 12?
3
Suppose 2*o + 398*u - 330 = 396*u, -o = 3*u - 183. Let q = -25 - -38. What is the highest common divisor of q and o?
13
Let j be (-12)/(-7)*7 - 10 - (-1308 + 0). Calculate the greatest common factor of 10 and j.
10
Let k be -1 + (14 - (-14 - -18)). Calculate the highest common divisor of 93 and k.
3
Let g = -1535 + 1591. Let c(y) = -y**2 + 24. Let l be c(0). What is the greatest common divisor of l and g?
8
Let x = 18280 - 5743. Calculate the highest common divisor of x and 126.
63
Let n(p) = -101*p + 18. Let v be n(0). Calculate the greatest common factor of 162 and v.
18
Let d(c) = 2*c**2 + 43*c + 34. Let j be d(-22). What is the highest common divisor of 35 and j?
7
Let s be 34/(6/(-56925)*-23). What is the greatest common factor of 51 and s?
51
Let t be 577915/442 + (-18)/(-4). What is the greatest common divisor of 24 and t?
8
Let m be 11/(231/14) + 1062/27. Calculate the greatest common divisor of m and 1580.
20
Let l(q) = -q**2 + 25*q - 58. Let z be l(19). Suppose -z = 10*y - 17*y. Calculate the greatest common divisor of 1 and y.
1
Let j be (10 - 42/4)*-50. What is the highest common divisor of j and 655?
5
Let f(n) = 2*n**2 + 18*n + 2. Suppose -14*q + 36 = -18*q. Let p be f(q). Suppose -u + 26 = t + 3, p*u - 43 = -t. What is the greatest common factor of u and 8?
4
Let u = 64 - 92. Let m = u - 32. Let x = m + 82. What is the highest common factor of 242 and x?
22
Let r be (-20)/2*(-98)/14. Suppose 4*w + 2*c = r, 4*w + w + c - 83 = 0. What is the greatest common divisor of 2 and w?
2
Let c be (33/22)/((-21)/(-1792)). Calculate the greatest common divisor of c and 10368.
128
Let r = 245 - 43. Suppose -2*q - 3*f = -90, 7*q = 2*q + 4*f + r. What is the greatest common divisor of 294 and q?
42
Suppose -2*n + 107 = 2*n + 5*c, 2*n + 5*c = 5